{"id":171,"date":"2016-07-20T17:20:20","date_gmt":"2016-07-20T17:20:20","guid":{"rendered":"http:\/\/www.uccosertur.com.mx\/?page_id=171"},"modified":"2016-07-22T15:49:17","modified_gmt":"2016-07-22T15:49:17","slug":"la-mision","status":"publish","type":"page","link":"http:\/\/www.uccosertur.com.mx\/?page_id=171","title":{"rendered":"La Misi\u00f3n"},"content":{"rendered":"<p>Otorgar servicios financieros personalizados a los micro y peque\u00f1as empresas, en condiciones favorables en cuanto a tasas y plazos, para su fortalecimiento y generaci\u00f3n de fuentes de empleo.<\/p>\n","protected":false},"excerpt":{"rendered":"<p>Otorgar servicios financieros personalizados a los micro y peque\u00f1as empresas, en condiciones favorables en cuanto a tasas y plazos, para su fortalecimiento y generaci\u00f3n de fuentes de empleo.<\/p>\n","protected":false},"author":1,"featured_media":0,"parent":0,"menu_order":0,"comment_status":"closed","ping_status":"open","template":"","meta":{"footnotes":""},"class_list":["post-171","page","type-page","status-publish","hentry"],"_links":{"self":[{"href":"http:\/\/www.uccosertur.com.mx\/index.php?rest_route=\/wp\/v2\/pages\/171","targetHints":{"allow":["GET"]}}],"collection":[{"href":"http:\/\/www.uccosertur.com.mx\/index.php?rest_route=\/wp\/v2\/pages"}],"about":[{"href":"http:\/\/www.uccosertur.com.mx\/index.php?rest_route=\/wp\/v2\/types\/page"}],"author":[{"embeddable":true,"href":"http:\/\/www.uccosertur.com.mx\/index.php?rest_route=\/wp\/v2\/users\/1"}],"replies":[{"embeddable":true,"href":"http:\/\/www.uccosertur.com.mx\/index.php?rest_route=%2Fwp%2Fv2%2Fcomments&post=171"}],"version-history":[{"count":3,"href":"http:\/\/www.uccosertur.com.mx\/index.php?rest_route=\/wp\/v2\/pages\/171\/revisions"}],"predecessor-version":[{"id":217,"href":"http:\/\/www.uccosertur.com.mx\/index.php?rest_route=\/wp\/v2\/pages\/171\/revisions\/217"}],"wp:attachment":[{"href":"http:\/\/www.uccosertur.com.mx\/index.php?rest_route=%2Fwp%2Fv2%2Fmedia&parent=171"}],"curies":[{"name":"wp","href":"https:\/\/api.w.org\/{rel}","templated":true}]}}